ist the prime factors of b.
2, 17
Suppose -169*d + 58680 = -161*d. List the prime factors of d.
3, 5, 163
Let p = 35 - 146. Let l = 192 - p. List the prime factors of l.
3, 101
Let o = -136 + 42. Let p = o - -98. Suppose -p*u - 2*x = u - 205, -5*x = -2*u + 82. What are the prime factors of u?
41
Let g(x) = -x**3 + 62*x**2 + 7*x + 469. List the prime factors of g(60).
8089
Let a(q) = 4*q**2 + 2*q - 34. Let n be 144/(-80)*-2*10/4. What are the prime factors of a(n)?
2, 7, 11
Suppose -155*t + 4*k + 7276 = -154*t, -3*k - 7276 = -t. List the prime factors of t.
2, 17, 107
What are the prime factors of 5/(-15)*-33194 - (3 + 42/(-18))?
2, 3, 461
Let l be 50/30 - 5/3. Suppose l = y + 20 - 172. What are the prime factors of y?
2, 19
Let k = 6527 - -9210. What are the prime factors of k?
15737
Suppose l - 361 = -95. Suppose a = -r + l, -4*r + 3*r - 272 = -a. List the prime factors of a.
269
Let a(i) = 72*i + 124. Let o(c) = 71*c + 126. Let n(h) = 3*a(h) - 2*o(h). What are the prime factors of n(6)?
2, 3, 47
Let h be (-22)/44*2/(-1)*3. Suppose -4*t - h*v + 1895 = 374, 0 = -3*v - 15. List the prime factors of t.
2, 3
Suppose -m - a - 4649 = -6*m, a + 2789 = 3*m. Suppose 4*w - 182 - m = 0. List the prime factors of w.
2, 139
Let b be ((-2)/3 - (-323)/57)*-688. Let g = -2043 - b. What are the prime factors of g?
11, 127
Suppose 29 = 2*d - 3*t - 2*t, 25 = -5*t. Suppose 4*c - 3*k + d*k = 4005, 1975 = 2*c + 5*k. What are the prime factors of c?
2, 5
Let k(a) = -a**3 + a + 8. Let d be k(0). Let h be ((4632/9)/d)/(2/18). Suppose 5*c - 2*r - 151 = 416, h = 5*c + r. What are the prime factors of c?
5, 23
List the prime factors of (93305/20 - 1)/(2 + 14/(-8)).
3, 691
Let l = -142 - -53. Let g = l - -157. List the prime factors of g.
2, 17
Let p(g) be the first derivative of 3*g**4/4 - g**3 + 5*g**2 - 10*g - 9. What are the prime factors of p(5)?
2, 5, 17
Let f(o) = 230*o**2 - 361*o + 31. What are the prime factors of f(9)?
2, 3853
Suppose -7*r + 5*f + 7376 = -20847, -r - 3*f + 4043 = 0. List the prime factors of r.
2, 2017
Suppose 3*t - 5*z - 1999 = 147, z = -2*t + 1448. Suppose 3*l - 2465 - 1173 = -5*d, -t = -d + 5*l. List the prime factors of d.
727
Suppose -71856 = -18*a + 30*a - 30*a. What are the prime factors of a?
2, 499
Let j(s) = s**3 - 2*s**2 + 10 + 2 + 0*s**2 - 4*s - 3. Let d(a) = -3*a**3 + 4*a**2 + 7*a - 18. Let g(f) = -2*d(f) - 5*j(f). What are the prime factors of g(5)?
2, 7
Let h(i) = -i**3 + 23*i**2 + 92*i - 46. Let p be h(26). Let j = 949 + p. What are the prime factors of j?
7, 181
Let h = 5 + -2. Suppose 3*d = -11*d + h*d. Suppose d = -8*n + 7*n + 170. What are the prime factors of n?
2, 5, 17
Suppose -3*p + a = -14 + 1, 2*p + 5*a - 3 = 0. Suppose 5*y - 29 = p*t, -t - 6 = -3*y + 10. What are the prime factors of 83*((-28)/(-7) + t + -2)?
83
Let n = 10863 - 3415. What are the prime factors of n?
2, 7, 19
Suppose 0 = 2*c - 881 + 195. Let h = c - -183. List the prime factors of h.
2, 263
Let t be (27/(-6))/(36/(-8)). Let p(d) be the second derivative of 163*d**4/12 - 2*d**3/3 + d**2/2 + d. List the prime factors of p(t).
2, 5
Suppose 4*r = -f + 6*r + 1631, -5*r = 15. List the prime factors of f.
5, 13
Let x = 24 + -2. Suppose 3*o = -u + x, 0*u + u = 3*o - 14. What are the prime factors of 389/5 + 2/(4 + o)?
2, 3, 13
Suppose 19*y - 2*l - 31114 = 17*y, 2*y = -2*l + 31094. What are the prime factors of y?
2, 3
What are the prime factors of 17074/((-1455)/(-135) - 11 - (-13)/18)?
2, 8537
Let c(p) = 20*p - 3*p - 9*p - 5. Suppose a = -2*t + 1, 10 = -4*t - t - 5*a. List the prime factors of c(t).
19
Suppose 3*a - p + 75 = 0, -3*p + 2*p + 51 = -2*a. Let r = a + 227. What are the prime factors of r?
7, 29
Suppose -57912 = -10*k - 9*k. Suppose 31*b + k = 39*b. List the prime factors of b.
3, 127
Let s(w) = 9*w + 100. Let f be s(10). Suppose -3*z = 2*d - 358, -3*d + 4*z = -2*d - f. List the prime factors of d.
2, 7, 13
Let b(z) = -9*z + 2 - 5*z + 21*z + 118*z**2 - 5*z. What are the prime factors of b(-3)?
2, 23
Suppose -2*g = 5*c + 12*g - 191634, -2*c + g + 76614 = 0. What are the prime factors of c?
2, 3, 5, 1277
Let z(r) = -3*r**2 + 64*r + 61. What are the prime factors of z(12)?
397
Let r be (-3 - -3)/2 - (0 - 0). Let v be 5 - (r - 10/(-5)). Suppose -120 = -v*y + y. What are the prime factors of y?
2, 3, 5
Let r(f) = -130*f**3 - f**2 + 2*f - 1. Suppose 0 = -5*b - 0*b - 10. What are the prime factors of r(b)?
1031
Let l(z) = -12*z - 10. Let b be l(-1). Suppose -2*o + 403 = 4*d - 927, b*o = 5*d + 1339. List the prime factors of o.
23, 29
What are the prime factors of -8 + (-596749)/(-17) + -2*2/(-34)?
5, 7019
Let g = 16990 - 8348. What are the prime factors of g?
2, 29, 149
Suppose -2*t + y = 598, -11*t + 16*t + 1504 = -2*y. List the prime factors of ((-133)/76)/(1/t).
3, 5, 7
What are the prime factors of 6/15 - (-71096)/60*6?
2, 3, 5, 79
Suppose -3*c - 80 = t - 4*c, 3*t - 2*c + 237 = 0. Let n = t - -81. Suppose n*r - 2*j - 3*j - 368 = 0, -3*j = -5*r + 447. What are the prime factors of r?
3, 29
Let c(v) = v**3 + 7*v**2 + 6*v + 2. Let w be c(-6). Let m be w - (-1 - (4 + -1)). Suppose -530 = -4*g - m*g. List the prime factors of g.
53
Let x(s) = 4*s - 12. Let q be x(-11). List the prime factors of -275*(q/(-10) + -6).
2, 5, 11
Suppose 0 = r + u - 6, 0 = -2*r - 3*u - u + 12. Let z(w) be the first derivative of 2*w**3/3 - 3*w**2 + 2*w - 22. What are the prime factors of z(r)?
2, 19
Suppose -5*p = 5*h - 22680, 5*p + 4*h = -3724 + 26400. What are the prime factors of p?
2, 11, 103
Suppose -6*n + 2015 = -n + d, -2*n + 809 = d. Suppose -3*l - 4*g + 6*g = -4, -5*l - g = -11. Suppose -l*h = -4*h + n. List the prime factors of h.
3, 67
Let t(q) = -100*q**3 - 4*q**2 - 25*q - 176. List the prime factors of t(-7).
67, 509
Let l(r) = -5*r**2 + r**2 + 13*r - 15*r + 1. Let m be l(-4). What are the prime factors of (-946)/(-10) - (-33)/m?
2, 47
Let n(p) = -5*p - 17966*p**2 + 18005*p**2 + 6 - 13*p. List the prime factors of n(-5).
3, 7, 17
Suppose -31 = -4*q + 9. Suppose q*y - 1165 - 3655 = 0. What are the prime factors of y?
2, 241
Let x(s) = 0*s**2 - 34 - 3*s - 6*s**2 + 7*s**2. Let t be x(8). Suppose 2*h = -t, -n - 3*h + 15 + 8 = 0. What are the prime factors of n?
2
List the prime factors of 6/33 + (-3547414)/(-473).
2, 3, 5
Let k(p) = -503*p**3 - 4*p**2 + p + 9. What are the prime factors of k(-3)?
3, 4517
Let t(s) = 52*s**2 - 16*s - 1. List the prime factors of t(-5).
7, 197
Suppose -27636 = -13*n + 56734. List the prime factors of n.
2, 5, 11, 59
Let x = -68 + 48. Let o = x - -6. What are the prime factors of (297 + -2)*o/(-35)?
2, 59
Let a(u) = 4*u - 35. Let q be a(-19). Let d = q + 106. List the prime factors of (-273 - d)/(-4)*1.
67
Suppose -55828 = -t - 4*n, 167561 = 3*t + 356*n - 355*n. List the prime factors of t.
2, 3491
Suppose -29 = 3*y - 29. Let c be 541 - -5 - y/(-2). Let u = c + -321. What are the prime factors of u?
3, 5
Let z = -32 + 35. Suppose -g = z*k, -6*k + 7*k = g - 4. Suppose -96 = -b + 5*t, g*b - 336 = t - 2*t. What are the prime factors of b?
3, 37
Suppose 5*k - 28 = -x, 5*k - 3*x - 39 = -3. Let f(i) = 52*i - 51. What are the prime factors of f(k)?
3, 29
Let j = 319 + 617. List the prime factors of j + ((-304)/(-190))/((-4)/10).
2, 233
Let v be 2 - (0 + -1) - -4. Suppose v*y - 40 = -y. Suppose -7 = -y*q + 18. What are the prime factors of q?
5
Let j(f) = -4*f**2 + 10*f - 10. Let y(b) = 23*b - 7*b**2 - 11 - 3*b + 3 - 11. Let i(t) = 5*j(t) - 3*y(t). List the prime factors of i(-7).
2, 3, 7
Suppose 334*q + 43*q - 673166 - 482716 = 0. List the prime factors of q.
2, 3, 7, 73
List the prime factors of (212/2)/(8*7/84).
3, 53
Suppose 9*k + 20 = -7. List the prime factors of k/(3/(-4)) - -479.
3, 7, 23
Suppose -95*q + 712667 = -22538. List the prime factors of q.
71, 109
Suppose -4*q + 3*m = -63, m + 3*m = 5*q - 80. Let u(p) be the second derivative of p**4/3 - 22*p**3/3 + 9*p**2/2 - 29*p. What are the prime factors of u(q)?
3, 19
Suppose -378325 + 65185 = -20*s. What are the prime factors of s?
3, 17, 307
Suppose 10*u - 31 = -11. Suppose 2*r - 762 = -4*s, u*s - 423 = r - 48. What are the prime factors of s?
3, 7
Let s(i) = -541*i**3 - 11*i**2 + i - 6. List the prime factors of s(-3).
3, 179
Let b(w) = 181*w**2 + 127*w - 1510. What are the prime fac